e units digit of 1835?
5
What is the units digit of 19041?
1
What is the units digit of 28734?
4
What is the units digit of 2068?
8
What is the hundreds digit of 933?
9
What is the units digit of 9026?
6
What is the thousands digit of 1459?
1
What is the hundreds digit of 914?
9
What is the tens digit of 18225?
2
What is the hundreds digit of 882?
8
What is the tens digit of 75616?
1
What is the hundreds digit of 3888?
8
What is the units digit of 3378?
8
What is the units digit of 2423?
3
What is the hundreds digit of 21668?
6
What is the units digit of 65045?
5
What is the units digit of 930?
0
What is the hundreds digit of 23646?
6
What is the units digit of 8172?
2
What is the thousands digit of 5116?
5
What is the hundreds digit of 10570?
5
What is the tens digit of 689?
8
What is the units digit of 65?
5
What is the hundreds digit of 91139?
1
What is the units digit of 1013?
3
What is the hundreds digit of 675?
6
What is the units digit of 1549?
9
What is the thousands digit of 2699?
2
What is the tens digit of 18184?
8
What is the thousands digit of 1176?
1
What is the hundreds digit of 1240?
2
What is the tens digit of 4138?
3
What is the tens digit of 53677?
7
What is the units digit of 149541?
1
What is the thousands digit of 73776?
3
What is the units digit of 6420?
0
What is the tens digit of 3930?
3
What is the thousands digit of 1279?
1
What is the hundreds digit of 3833?
8
What is the hundreds digit of 8195?
1
What is the hundreds digit of 675?
6
What is the hundreds digit of 9398?
3
What is the units digit of 5431?
1
What is the thousands digit of 37782?
7
What is the units digit of 148?
8
What is the thousands digit of 16953?
6
What is the thousands digit of 7252?
7
What is the tens digit of 686?
8
What is the ten thousands digit of 34016?
3
What is the units digit of 1873?
3
What is the units digit of 6360?
0
What is the hundreds digit of 1072?
0
What is the ten thousands digit of 149973?
4
What is the tens digit of 85641?
4
What is the tens digit of 19450?
5
What is the hundreds digit of 349?
3
What is the thousands digit of 85737?
5
What is the units digit of 1440?
0
What is the tens digit of 916?
1
What is the tens digit of 6790?
9
What is the tens digit of 55?
5
What is the thousands digit of 1375?
1
What is the units digit of 1206?
6
What is the tens digit of 75?
7
What is the tens digit of 122?
2
What is the units digit of 2090?
0
What is the units digit of 22833?
3
What is the thousands digit of 5983?
5
What is the units digit of 2013?
3
What is the ten thousands digit of 15376?
1
What is the units digit of 32907?
7
What is the units digit of 9921?
1
What is the hundreds digit of 1615?
6
What is the thousands digit of 4760?
4
What is the thousands digit of 43513?
3
What is the tens digit of 2437?
3
What is the hundreds digit of 8087?
0
What is the ten thousands digit of 25608?
2
What is the hundreds digit of 702?
7
What is the tens digit of 2666?
6
What is the ten thousands digit of 29749?
2
What is the tens digit of 4664?
6
What is the hundreds digit of 301?
3
What is the hundreds digit of 759?
7
What is the tens digit of 8260?
6
What is the thousands digit of 42312?
2
What is the hundreds digit of 11744?
7
What is the hundreds digit of 1632?
6
What is the tens digit of 103195?
9
What is the ten thousands digit of 40373?
4
What is the hundreds digit of 23456?
4
What is the hundreds digit of 523?
5
What is the units digit of 2391?
1
What is the hundreds digit of 736?
7
What is the thousands digit of 4733?
4
What is the units digit of 9913?
3
What is the ten thousands digit of 128633?
2
What is the thousands digit of 12347?
2
What is the units digit of 29192?
2
What is the ten thousands digit of 67050?
6
What is the tens digit of 497?
9
What is the hundreds digit of 13247?
2
What is the thousands digit of 7603?
7
What is the tens digit of 691?
9
What is the tens digit of 860?
6
What is the thousands digit of 44719?
4
What is the units digit of 2124?
4
What is the tens digit of 89?
8
What is the units digit of 745?
5
What is the hundreds digit of 1811?
8
What is the thousands digit of 146079?
6
What is the tens digit of 41527?
2
What is the units digit of 249?
9
What is the hundreds digit of 2515?
5
What is the tens digit of 24192?
9
What is the thousands digit of 54949?
4
What is the tens digit of 12717?
1
What is the thousands digit of 3461?
3
What is the hundreds digit of 10850?
8
What is the units digit of 634?
4
What is the hundreds digit of 4063?
0
What is the tens digit of 92551?
5
What is the units digit of 1203?
3
What is the tens digit of 6836?
3
What is the units digit of 70?
0
What is the thousands digit of 4236?
4
What is the ten thousands digit of 15430?
1
What is the ten thousands digit of 36111?
3
What is the thousands digit of 1349?
1
What is the thousands digit of 3599?
3
What is the tens digit of 21920?
2
What is the hundreds digit of 5308?
3
What is the thousands digit of 8591?
8
What is the hundreds digit of 283?
2
What is the hundreds digit of 502?
5
What is the units digit of 17282?
2
What is the ten thousands digit of 130593?
3
What is the tens digit of 5875?
7
What is the units digit of 64006?
6
What is the tens digit of 6640?
4
What is the tens digit of 7782?
8
What is the hundreds digit of 358?
3
What is the tens digit of 21491?
9
What is the tens digit of 444?
4
What is the ten thousands digit of 81298?
8
What is the hundreds digit of 8606?
6
What is the thousands digit of 9123?
9
What is the tens digit of 58154?
5
What is the hundreds digit of 6204?
2
What is the hundreds digit of 5110?
1
What is the ten thousands digit of 23770?
2
What is the units digit of 3469?
9
What is the thousands digit of 3197?
3
What is the tens digit of 942?
4
What is the hundreds digit of 4711?
7
What is the tens digit of 1996?
9
What is the units digit of 430?
0
What is the tens digit of 49789?
8
What is the thousands digit of 23328?
3
What is the hundreds digit of 4586?
5
What is the units digit of 484?
4
What is the thousands digit of 46581?
6
What is the units digit of 32239?
9
What is the thousands digit of 2477?
2
What is the tens digit of 728?
2
What is the hundreds digit of 809?
8
What is the hundreds digit of 115856?
8
What is the tens digit of 23131?
3
What is the tens digit of 15279?
7
What is the hundreds digit of 486?
4
What is the tens digit of 1423?
2
What is the units digit of 364?
4
What is the units digit of 32031?
1
What is the hundreds digit of 715?
7
What is the units digit of 9018?
8
What is the units digit of 9868?
8
What is the hundreds digit of 535?
5
What is the tens digit of 3825?
2
What is the hundreds digit of 4052?
0
What is the thousands digit of 6989?
6
What is the hundreds digit of 433?
4
What is the tens digit of 99365?
6
What is the tens digit of 2577?
7
What is the hundreds digit of 53286?
2
What is the units digit of 13668?
8
What is the thousands digit of 1273?
1
What is the thousands digit of 18974?
8
What is the hundreds digit of 8045?
0
What is the hundreds digit of 1771?
7
What is the units digit of 4984?
4
What is the thousands digit of 1790?
1
What is the thousands digit of 9685?
9
What is the tens digit of 5932?
3
What is the hundreds digit of 1543?
5
What is the hundreds digit of 2592?
5
What is the hundreds digit of 62401?
4
What is the units digit of 11225?
5
What is the units digit of 3304?
4
What is the units digit of 93?
3
What is the units digit of 10487?
7
What is the units digit of 3939?
9
What is the hundreds digit of 1021?
0
What is the units digit of 248?
8
What is the tens digit of 1943?
4
What is the hundreds digit of 97559?
5
What is the tens digit of 59067?
6
What is the units digit of 290?
0
What is the units digit of 241?
1
What is the ten thousands digit of 11000?
1
What is the hundreds digit of 8660?
6
What is the units digit of 2005?
5
What is the thousands digit of 5579?
5
What is the hundreds digit of 4062?
0
What is the units digit of 828?
8
What is the tens digit of 43621?
2
What is the thousands digit of 1818?
1
What is the units digit of 3219?
9
What is the tens digit of 442?
4
What is the thousands digit of 48001?
8
What is the units digit of 4562?
2
What is the tens digit of 14044?
4
What is the units digit of 880?
0
What is the units di